factors of 2705?
5, 541
What are the prime factors of 1431?
3, 53
List the prime factors of 2225.
5, 89
List the prime factors of 41038.
2, 17, 71
List the prime factors of 3351.
3, 1117
What are the prime factors of 933?
3, 311
What are the prime factors of 4333?
7, 619
List the prime factors of 3418.
2, 1709
What are the prime factors of 36009?
3, 4001
List the prime factors of 3507.
3, 7, 167
List the prime factors of 5310.
2, 3, 5, 59
List the prime factors of 1882.
2, 941
What are the prime factors of 42020?
2, 5, 11, 191
What are the prime factors of 42557?
42557
What are the prime factors of 14908?
2, 3727
What are the prime factors of 1074?
2, 3, 179
List the prime factors of 1998.
2, 3, 37
List the prime factors of 643.
643
List the prime factors of 107134.
2, 17, 23, 137
What are the prime factors of 43814?
2, 19, 1153
What are the prime factors of 19580?
2, 5, 11, 89
List the prime factors of 4728.
2, 3, 197
What are the prime factors of 26041?
26041
What are the prime factors of 54751?
54751
List the prime factors of 675.
3, 5
List the prime factors of 10184.
2, 19, 67
What are the prime factors of 1550?
2, 5, 31
What are the prime factors of 4904?
2, 613
List the prime factors of 37731.
3, 12577
What are the prime factors of 140785?
5, 37, 761
List the prime factors of 275.
5, 11
What are the prime factors of 422?
2, 211
List the prime factors of 32338.
2, 19, 23, 37
What are the prime factors of 43933?
43933
List the prime factors of 4570.
2, 5, 457
List the prime factors of 3133.
13, 241
What are the prime factors of 79674?
2, 3, 7, 271
What are the prime factors of 929?
929
List the prime factors of 54.
2, 3
List the prime factors of 16795.
5, 3359
What are the prime factors of 2363?
17, 139
List the prime factors of 6017.
11, 547
List the prime factors of 6774.
2, 3, 1129
What are the prime factors of 1058?
2, 23
What are the prime factors of 16381?
16381
List the prime factors of 591.
3, 197
What are the prime factors of 5852?
2, 7, 11, 19
What are the prime factors of 21189?
3, 7, 1009
List the prime factors of 390.
2, 3, 5, 13
What are the prime factors of 118997?
19, 6263
What are the prime factors of 39941?
11, 3631
What are the prime factors of 235?
5, 47
What are the prime factors of 1418?
2, 709
What are the prime factors of 963?
3, 107
List the prime factors of 20862.
2, 3, 19, 61
What are the prime factors of 3122?
2, 7, 223
List the prime factors of 1301.
1301
List the prime factors of 17702.
2, 53, 167
List the prime factors of 3403.
41, 83
List the prime factors of 20260.
2, 5, 1013
What are the prime factors of 97589?
23, 4243
What are the prime factors of 36236?
2, 9059
List the prime factors of 205.
5, 41
What are the prime factors of 24730?
2, 5, 2473
What are the prime factors of 8533?
7, 23, 53
What are the prime factors of 102963?
3, 7, 4903
List the prime factors of 70439.
70439
What are the prime factors of 8218?
2, 7, 587
List the prime factors of 949.
13, 73
What are the prime factors of 2324?
2, 7, 83
What are the prime factors of 12529?
11, 17, 67
List the prime factors of 2815.
5, 563
What are the prime factors of 3996?
2, 3, 37
List the prime factors of 8341.
19, 439
List the prime factors of 1221.
3, 11, 37
What are the prime factors of 23507?
11, 2137
List the prime factors of 44398.
2, 79, 281
List the prime factors of 9785.
5, 19, 103
What are the prime factors of 31?
31
What are the prime factors of 1540?
2, 5, 7, 11
List the prime factors of 57225.
3, 5, 7, 109
List the prime factors of 32213.
32213
List the prime factors of 44972.
2, 11243
What are the prime factors of 3236?
2, 809
What are the prime factors of 646?
2, 17, 19
What are the prime factors of 8401?
31, 271
What are the prime factors of 489?
3, 163
List the prime factors of 1149.
3, 383
List the prime factors of 56134.
2, 13, 17, 127
List the prime factors of 50206.
2, 13, 1931
What are the prime factors of 1396?
2, 349
What are the prime factors of 6551?
6551
List the prime factors of 4845.
3, 5, 17, 19
List the prime factors of 12793.
11, 1163
What are the prime factors of 20141?
11, 1831
List the prime factors of 3659.
3659
What are the prime factors of 16089?
3, 31, 173
What are the prime factors of 15522?
2, 3, 13, 199
What are the prime factors of 11516?
2, 2879
What are the prime factors of 1166?
2, 11, 53
What are the prime factors of 486?
2, 3
List the prime factors of 44167.
29, 1523
What are the prime factors of 102?
2, 3, 17
What are the prime factors of 1530?
2, 3, 5, 17
What are the prime factors of 40197?
3, 13399
List the prime factors of 1252.
2, 313
List the prime factors of 8431.
8431
What are the prime factors of 64203?
3, 21401
List the prime factors of 1809.
3, 67
What are the prime factors of 120560?
2, 5, 11, 137
List the prime factors of 12266.
2, 6133
List the prime factors of 12347.
12347
List the prime factors of 505.
5, 101
What are the prime factors of 3308?
2, 827
List the prime factors of 28671.
3, 19, 503
List the prime factors of 1444.
2, 19
List the prime factors of 14874.
2, 3, 37, 67
What are the prime factors of 2849?
7, 11, 37
What are the prime factors of 713?
23, 31
What are the prime factors of 802?
2, 401
What are the prime factors of 10338?
2, 3, 1723
What are the prime factors of 11390?
2, 5, 17, 67
List the prime factors of 38.
2, 19
What are the prime factors of 11909?
11909
What are the prime factors of 5761?
7, 823
List the prime factors of 40179.
3, 59, 227
What are the prime factors of 1868?
2, 467
What are the prime factors of 568?
2, 71
What are the prime factors of 1928?
2, 241
What are the prime factors of 65363?
163, 401
List the prime factors of 4908.
2, 3, 409
List the prime factors of 5716.
2, 1429
List the prime factors of 685.
5, 137
List the prime factors of 1405.
5, 281
List the prime factors of 128.
2
What are the prime factors of 461?
461
What are the prime factors of 2518?
2, 1259
What are the prime factors of 88973?
193, 461
What are the prime factors of 4055?
5, 811
What are the prime factors of 6047?
6047
What are the prime factors of 1205?
5, 241
List the prime factors of 141679.
141679
What are the prime factors of 11650?
2, 5, 233
What are the prime factors of 9065?
5, 7, 37
What are the prime factors of 953?
953
What are the prime factors of 354?
2, 3, 59
What are the prime factors of 4346?
2, 41, 53
What are the prime factors of 18966?
2, 3, 29, 109
What are the prime factors of 1392?
2, 3, 29
What are the prime factors of 24386?
2, 89, 137
List the prime factors of 8674.
2, 4337
List the prime factors of 34813.
31, 1123
What are the prime factors of 63349?
11, 13, 443
List the prime factors of 1337.
7, 191
List the prime factors of 118341.
3, 487
List the prime factors of 38901.
3, 12967
List the prime factors of 8729.
7, 29, 43
What are the prime factors of 1980?
2, 3, 5, 11
List the prime factors of 32823.
3, 7, 521
List the prime factors of 3460.
2, 5, 173
List the prime factors of 71920.
2, 5, 29, 31
What are the prime factors of 4048?
2, 11, 23
List the prime factors of 693.
3, 7, 11
List the prime factors of 6532.
2, 23, 71
List the prime factors of 145704.
2, 3, 13, 467
What are the prime factors of 60786?
2, 3, 11, 307
List the prime factors of 1084.
2, 271
List the prime factors of 646.
2, 17, 19
What are the prime factors of 10916?
2, 2729
List the prime factors of 970.
2, 5, 97
What are the prime factors of 4328?
2, 541
List the prime factors of 8660.
2, 5, 433
What are the prime factors of 2787?
3, 929
What are the prime factors of 1254?
2, 3, 11, 19
List the prime factors of 2718.
2, 3, 151
List the prime factors of 9595.
5, 19, 101
What are the prime factors of 78411?
3, 59, 443
What are the prime factors of 987?
3, 7, 47
What are the prime factors of 102150?
2, 3, 5, 227
What are the prime factors of 12335?
5, 2467
List the prime factors of 31912.
2, 3989
List the prime factors of 7110.
2, 3, 5, 79
List the prime factors of 2045.
5, 409
What are the prime factors of 7407?
3, 823
What are the prime factors of 1435?
5, 7, 41
What are the prime factors of 3072?
2, 3
List the prime factors of 826.
2, 7, 59
List the prime factors of 5853.
3, 1951
List the prime factors of 1050.
2, 3, 5, 7
What are the prime factors of 73097?
67, 1091
List the